{"id":863,"date":"2020-10-16T14:04:17","date_gmt":"2020-10-16T12:04:17","guid":{"rendered":"http:\/\/larzacexploceladon.fr\/?page_id=52"},"modified":"2022-02-03T18:37:42","modified_gmt":"2022-02-03T17:37:42","slug":"localisation","status":"publish","type":"page","link":"https:\/\/larzacexploceladon.fr\/index.php\/localisation\/","title":{"rendered":"Localisation"},"content":{"rendered":"\n<div class=\"wp-block-image\"><figure class=\"alignleft size-large is-resized\"><a href=\"https:\/\/larzacexploceladon.fr\/wp-content\/uploads\/2020\/10\/bousquet-web-2.jpg\"><img loading=\"lazy\" decoding=\"async\" src=\"https:\/\/larzacexploceladon.fr\/wp-content\/uploads\/2020\/10\/bousquet-web-2.jpg\" alt=\"Bousquet \u00a9 Bernard Galibert\" class=\"wp-image-106\" width=\"215\" height=\"322\" srcset=\"https:\/\/larzacexploceladon.fr\/wp-content\/uploads\/2020\/10\/bousquet-web-2.jpg 433w, https:\/\/larzacexploceladon.fr\/wp-content\/uploads\/2020\/10\/bousquet-web-2-200x300.jpg 200w\" sizes=\"auto, (max-width: 215px) 100vw, 215px\" \/><\/a><figcaption>Bousquet \u00a9 Bernard Galibert<\/figcaption><\/figure><\/div>\n\n\n\n<p>Nous travaillons actuellement sur une zone du sud Larzac de 230 km2 encadr\u00e9e par une convention de recherche entre <strong>Larzac Explo-C\u00e9ladon<\/strong> et La <strong>Communaut\u00e9 de Communes Lod\u00e9vois et Larzac.<\/strong> Cette action s&rsquo;inscrit dans le cadre de l&rsquo;<strong>Observatoire du Karst<\/strong> qui s&rsquo;est mis en place dans la r\u00e9gion de Lod\u00e8ve et qui a pour projet : explorer, comprendre et prot\u00e9ger la ressource en eau potable. <\/p>\n\n\n\n<p>Cette convention de 3 ans (2020-2023) permettra de dresser un inventaire pr\u00e9cis des ph\u00e9nom\u00e8nes karstiques (700 estim\u00e9s) et de r\u00e9aliser une cartographie num\u00e9rique des galeries exond\u00e9es et noy\u00e9es connues \u00e0 ce jour. Depuis le d\u00e9but de nos travaux nous avons r\u00e9alis\u00e9 un peu plus de 15 000 m de relev\u00e9s topographiques num\u00e9riques et explor\u00e9s 2500 m de nouvelles galeries. <\/p>\n\n\n\n<figure class=\"wp-block-image size-large is-style-default\"><a href=\"https:\/\/larzacexploceladon.fr\/wp-content\/uploads\/2022\/02\/gourneyras-8-08-2015-.jpg\"><img loading=\"lazy\" decoding=\"async\" width=\"1024\" height=\"625\" src=\"https:\/\/larzacexploceladon.fr\/wp-content\/uploads\/2022\/02\/gourneyras-8-08-2015--1024x625.jpg\" alt=\"\" class=\"wp-image-3191\" srcset=\"https:\/\/larzacexploceladon.fr\/wp-content\/uploads\/2022\/02\/gourneyras-8-08-2015--1024x625.jpg 1024w, https:\/\/larzacexploceladon.fr\/wp-content\/uploads\/2022\/02\/gourneyras-8-08-2015--300x183.jpg 300w, https:\/\/larzacexploceladon.fr\/wp-content\/uploads\/2022\/02\/gourneyras-8-08-2015--768x469.jpg 768w, https:\/\/larzacexploceladon.fr\/wp-content\/uploads\/2022\/02\/gourneyras-8-08-2015--1536x938.jpg 1536w, https:\/\/larzacexploceladon.fr\/wp-content\/uploads\/2022\/02\/gourneyras-8-08-2015--2048x1250.jpg 2048w, https:\/\/larzacexploceladon.fr\/wp-content\/uploads\/2022\/02\/gourneyras-8-08-2015--442x270.jpg 442w\" sizes=\"auto, (max-width: 1024px) 100vw, 1024px\" \/><\/a><figcaption><em>Exsurgence de Gourneyras (cr\u00e9dit : Frank Vasseur)<\/em><\/figcaption><\/figure>\n\n\n\n<p>Une synth\u00e8se de nos travaux verra le jour regroupant les volets : exploration, hydrog\u00e9ologie, arch\u00e9ologie, g\u00e9ologie et histoire du patrimoine souterrain de la r\u00e9gion de Lod\u00e8ve.  <\/p>\n\n\n\n<p class=\"has-text-align-center\"><strong>NOS ZONES DE RECHERCHE EN LODEVOIS-LARZAC :  <\/strong><\/p>\n\n\n\n<ul class=\"wp-block-list\"><li><em>Vall\u00e9e de Lunas<\/em><\/li><li><em>Vall\u00e9e des Plans<\/em><\/li><li><em>Cirque de Labeil<\/em><\/li><li><em>Vall\u00e9e de la Lergue<\/em><\/li><li><em>Cirque de Soub\u00e8s<\/em><\/li><li><em>Cirque de Gourgas<\/em><\/li><\/ul>\n\n\n\n<iframe style=\"border:0\" src=\"https:\/\/larzacexploceladon.fr\/lizmap\/index.php\/view\/embed\/?repository=secteurs&amp;project=secteurs&amp;layers=BTFTFTTTF&amp;bbox=675266.700992%2C6275296.15812%2C774882.525224%2C6318092.59788&amp;crs=EPSG%3A2154&amp;layerStyles=secteur%3Ad%C3%A9faut\" title=\"Carte interactive de nos zones de recherche (source : vmapspeleo.fr\/vmap)\" allowfullscreen=\"\" height=\"550\" frameborder=\"0\"><\/iframe>\n\n\n\n<p><\/p>\n","protected":false},"excerpt":{"rendered":"<p>Nous travaillons actuellement sur une zone du sud Larzac de 230 km2 encadr\u00e9e par une convention de recherche entre Larzac Explo-C\u00e9ladon et La Communaut\u00e9 de Communes Lod\u00e9vois et Larzac. Cette action s&rsquo;inscrit dans le cadre de l&rsquo;Observatoire du Karst qui s&rsquo;est mis en place dans la r\u00e9gion de Lod\u00e8ve et qui a pour projet : explorer, comprendre et prot\u00e9ger la ressource en eau potable. Cette convention de 3 ans (2020-2023) permettra de dresser un inventaire pr\u00e9cis des ph\u00e9nom\u00e8nes karstiques (700&#8230;<\/p>\n<p class=\"read-more\"><a class=\"btn btn-default\" href=\"https:\/\/larzacexploceladon.fr\/index.php\/localisation\/\">Lire la suite<span class=\"screen-reader-text\"> Lire la suite<\/span><\/a><\/p>\n","protected":false},"author":1,"featured_media":0,"parent":0,"menu_order":0,"comment_status":"closed","ping_status":"closed","template":"","meta":{"footnotes":""},"class_list":["post-863","page","type-page","status-publish","hentry"],"_links":{"self":[{"href":"https:\/\/larzacexploceladon.fr\/index.php\/wp-json\/wp\/v2\/pages\/863","targetHints":{"allow":["GET"]}}],"collection":[{"href":"https:\/\/larzacexploceladon.fr\/index.php\/wp-json\/wp\/v2\/pages"}],"about":[{"href":"https:\/\/larzacexploceladon.fr\/index.php\/wp-json\/wp\/v2\/types\/page"}],"author":[{"embeddable":true,"href":"https:\/\/larzacexploceladon.fr\/index.php\/wp-json\/wp\/v2\/users\/1"}],"replies":[{"embeddable":true,"href":"https:\/\/larzacexploceladon.fr\/index.php\/wp-json\/wp\/v2\/comments?post=863"}],"version-history":[{"count":10,"href":"https:\/\/larzacexploceladon.fr\/index.php\/wp-json\/wp\/v2\/pages\/863\/revisions"}],"predecessor-version":[{"id":3193,"href":"https:\/\/larzacexploceladon.fr\/index.php\/wp-json\/wp\/v2\/pages\/863\/revisions\/3193"}],"wp:attachment":[{"href":"https:\/\/larzacexploceladon.fr\/index.php\/wp-json\/wp\/v2\/media?parent=863"}],"curies":[{"name":"wp","href":"https:\/\/api.w.org\/{rel}","templated":true}]}}